78*m - 272. Calculate r(m).
-2
Let q(r) = -r**3 + 5*r**2 + 2*r - 7. Let g = 376 + -387. Let k be g/((-110)/50)*(-1 + 2). Determine q(k).
3
Suppose -4 = 4*i - 5*z, -5*i - 132*z = -137*z. Let p(u) be the first derivative of -1/4*u**i + 4*u - 2*u**3 - 3 - 5/2*u**2. Calculate p(-5).
4
Let m be (-8)/(-6)*(6 + (-90)/12). Let j be m/(-40)*76 + (-6)/(-5). Let v(d) = -d**2 + 6. What is v(j)?
-19
Let w(c) = 33 + 7*c**3 - 8*c**3 - 2*c + 6*c**2 + 0*c**3 + 11*c**2. What is w(17)?
-1
Let k = 12 + -20. Let z(t) be the second derivative of t**4/12 + 4*t**3/3 + 4*t**2 + 4913*t. Determine z(k).
8
Let m(y) = 6*y**2 + 5*y - 5*y - 1 - 4*y**2 + 3*y**2 - y. Give m(0).
-1
Suppose 18*l - 66 = -4*l. Let q(c) = 3*c + 2*c + c**2 + l + c + 0*c**2. Determine q(-5).
-2
Let p(i) = -23*i - 68. Let w = 4917 - 4920. Calculate p(w).
1
Let x(v) be the second derivative of -3/2*v**2 + 4/3*v**3 + 1/6*v**4 - 2*v - 25. Let m = -15 + 9. Give x(m).
21
Let r(j) = -5 - j**2 + 90*j + 84*j - 186*j. Give r(-11).
6
Let m(p) be the first derivative of p**4/2 - 5*p**3/3 - 2*p**2 + 11*p - 10655. Determine m(3).
8
Let m(u) = -3 + 3*u + 27*u - 18*u + 2 + u**2. Let o = -2695 - -2683. Determine m(o).
-1
Suppose -2*t + 700 - 652 = 0. Let a(g) = -6 - 11 - 3 + t + 2*g. What is a(0)?
4
Let f(r) = 18*r. Let x be (-672)/328 + 22/451. What is f(x)?
-36
Let n(g) = g - 3. Let w(y) = 13*y + 38. Let q be w(6). Suppose -122 = -3*t - q. Suppose 3*o - o = -t*o. Determine n(o).
-3
Let w(q) = q**2 + 13*q. Suppose b + 33 = n, 4*b = 2*n - 7*n - 123. Let o = b + 26. Let m(x) = x**2 + 12*x + 1. Let p(y) = o*m(y) + 5*w(y). Calculate p(-5).
4
Let k(z) = -4*z - 6. Let t(m) = 2*m**2 + 26*m - 57. Let c(g) = -6*k(g) + t(g). What is c(-26)?
31
Let p = 1684 - 997. Suppose 692 = 5*g + p. Let k(l) = -5*l + 1. Give k(g).
-4
Suppose -3*n + 22 = 2*i, -2*n = -5*n + i + 34. Let o(k) = -97*k**2 + 8*k + 17. Let f(s) = -16*s**2 - 1. Let a(l) = 6*f(l) - o(l). Calculate a(n).
-3
Suppose 5*a + 4*o - 30 = 0, -a + o = -110 + 113. Let z(k) be the first derivative of 19 - 5/3*k**3 - 1/4*k**4 + a*k**2 - 7*k. Calculate z(-6).
5
Let a(q) = 16*q**3 + 56*q**2 - 26*q + 80. Let p(i) = -7*i**3 - 26*i**2 + 14*i - 41. Let j(z) = -4*a(z) - 9*p(z). What is j(8)?
1
Let c(d) be the third derivative of -3*d**4/4 + 17*d**3/6 - 6*d**2 - 124. Calculate c(7).
-109
Let a(z) = -z**2 + 13*z - 10. Suppose g + 30 = 5*o, -o + 6*o = -3*g + 10. Let t be -3 - (-38 + -2)*2/o. Calculate a(t).
-10
Let h be 0/(-1 + -1 + 1). Let x = 4 - h. Let w(a) = -428*a - 6. Let n(c) = -157*c - 2. Let i(l) = 30*n(l) - 11*w(l). Give i(x).
-2
Let b(h) = 12*h**2 + 2*h + 1. Let w(k) = 7*k**2 + k. Let m(f) = -4*b(f) + 7*w(f). Let u be m(2). Let g(z) = 7*z + 2. Calculate g(u).
-12
Let z be 180/(-150)*5/(-3). Let m(f) = -5*f**2 + 5*f**2 - 4 - f**3 + 0*f**2 + 4*f**z + 7*f. Calculate m(5).
6
Let y(s) = -10*s - 156. Let d(k) = -18*k**3 - 20*k**2 + 18*k + 3. Let h be d(1). Give y(h).
14
Let p(f) be the first derivative of -5*f**3/3 - 3*f**2 - 2*f - 2836. Calculate p(3).
-65
Let n(o) = -2233*o + 13 + 2225*o + 33. Give n(7).
-10
Let l(h) = -h**3 - 29*h**2 + 22. Let v(y) = -y**2 - 17*y + 205. Let k be v(9). Calculate l(k).
22
Suppose 24 = 20*x - 12*x. Suppose 4*l - x*h - 7 = 0, h - 20 = -4*l - 1. Let s(g) = -3*g + 5. Calculate s(l).
-7
Let n be -20*(1 - (-3)/(-2)). Let i(x) = -x**2 + 9*x + 15. Let p be i(n). Let z(d) = 1 - p*d + 3*d + 4*d + 0*d. Determine z(2).
5
Suppose 115*v - 4*r = 114*v + 28, -20 = -2*v + 2*r. Let w(f) = -f + 10. Calculate w(v).
6
Let k(g) = -23*g - 18. Let q(t) = 2*t**2 - 463*t + 1817. Let c be q(4). Calculate k(c).
51
Let l be 6/(-6) + (-5)/(-1). Suppose 0 = -l*j + 7 + 13. Let d(i) = -5*i + 2*i**2 - j - 7*i**2 + 6*i**2. Determine d(6).
1
Let w(j) = -68*j - 1. Let i(a) = -143*a - 2. Let f(m) = 10*i(m) - 21*w(m). What is f(-2)?
5
Let v(o) = 16*o + 282. Let a be v(-18). Let f(x) = -3*x**2 - 22*x - 12. Determine f(a).
12
Let t(w) = 2*w**2 - w - 1. Let i(z) = -15*z**2 + 8*z + 49. Let f(g) = i(g) + 7*t(g). Give f(0).
42
Let v be ((-52)/(-3))/((-24)/36). Let x(g) = 2*g + 47. What is x(v)?
-5
Suppose 4*o - 5*t = 49, -93 = -t - 98. Let j(q) be the third derivative of q**4/4 - q**3 + 3*q**2. What is j(o)?
30
Let f(u) = u - 16. Let j = 251 - 240. Suppose 0 = -g - 2*k + 11, -j*g + 8*g + 41 = 4*k. What is f(g)?
3
Let t = -6657 - -6653. Let s(a) = a**3 + a**2 + 2*a + 20. What is s(t)?
-36
Suppose 0 = -49*x + 48*x + 4*r + 13, -4*x + 4*r = -16. Let s(d) = -79*d**3 - 2*d**2 + d + 1. Determine s(x).
-79
Let q(j) = 13*j**3 - 4*j**2 - 12*j - 1. Let k(h) = 6*h**2 - 3*h - 5*h**2 + 5*h + 36 - 36. Let u(v) = 6*k(v) + q(v). What is u(1)?
14
Let u(g) = 16*g**2 + 6*g - g**3 + 0*g**3 + 5 - 9*g**3 - 12*g**2 + 12*g**3. What is u(-3)?
-31
Let c be 4*(-425)/100 + 17. Let k(g) = g**2 + 3*g + 69. What is k(c)?
69
Let y(l) = l**3 - 4*l**2 - 6*l + 3. Let x(c) = -6*c**3 + 19*c**2 + 31*c - 14. Let i(u) = -2*x(u) - 11*y(u). Let n = -385 + 398. Let b = n + -18. Determine i(b).
0
Let s(x) be the first derivative of 1/2*x**4 - 1 - 5/3*x**3 + x**2 + 3*x. Suppose -6649 = -123*q - 6280. What is s(q)?
18
Suppose -327 - 45 = 4*x. Let c = x - -131. Let a = c - 31. Let w(j) = -j - 2. Give w(a).
-9
Let r be (0 - 12/10)/(5 - 92/20). Let j(p) be the first derivative of p**3/3 + 3*p**2/2 + 3*p - 4. What is j(r)?
3
Suppose -2*a + 3*a = 2. Let z(g) = -3*g + 1 + 4*g + 8*g - 3*g - g**a. Determine z(6).
1
Let f = 1 - 2. Let h(l) = 2*l + 17786*l**2 + 17792*l**2 + 17793*l**2 - 53373*l**2 - l. What is h(f)?
-3
Suppose 5*s + 3*z - 24 = 0, -7*s + z + 12 = -2*s. Let o be (6 - s) + 4*21/(-28). Let i(t) = -5*t - 7. Determine i(o).
-7
Let c(o) = o**3 + 2*o**2 - 2*o - 4. Let x(i) = -i**2 - 104*i + 1897. Let b be x(-120). Suppose 8 = 3*j - 4*j. Let m be b/(-69)*(j + -1). What is c(m)?
-7
Let f(w) be the first derivative of -2/3*w**3 - w**2 + 2*w - 245. Determine f(4).
-38
Let f be 33*(-12)/9*(-49)/28. Suppose 0 = -48*c + f*c + 87. Let v(i) = 5*i + 9. Give v(c).
-6
Let h(n) be the third derivative of -n**6/120 - 2*n**5/15 + 17*n**4/24 - 3*n**3 + 1662*n**2. Give h(-10).
12
Let d(b) = 4*b**2 + 17. Let w be (-56 + 42)*6/21. What is d(w)?
81
Let o be (14 - 11) + 1 - (0 - 2). Let y(n) = -3*n**2 + 23*n - 14. Give y(o).
16
Let r(f) be the second derivative of f**5/60 - f**4/6 - f**3/6 - 21*f**2 - 2*f - 18. Let d(n) be the second derivative of r(n). What is d(-4)?
-12
Suppose -3*u = -w - 2 + 13, 0 = -w + 5*u + 13. Let p be ((-3)/(-4))/((-1)/w). Let a(i) = i**3 + 5*i**2 - 6*i + 2. What is a(p)?
2
Let l = 1334 - 1338. Let k(w) = w**3 + 8*w**2 + 14*w + 3. What is k(l)?
11
Let r = 218 + -199. Suppose 5*b + 2*n + 16 = 0, 6*b - 5*n = 8*b + r. Let z(a) = -a - 4. Give z(b).
-2
Let f(d) = -4*d - 27. Let j(q) = -136*q - 139. Let m be j(-1). Calculate f(m).
-15
Let f(n) = -16*n**2 + 105*n + 36. Let s(a) = 3*a**2 - 21*a - 7. Let b(x) = 2*f(x) + 11*s(x). Let p be b(21). Let c(d) = -d**3 - 6*d**2 - 2*d + 5. Give c(p).
-10
Let g(u) = 14*u**2 - u. Let y be (-6)/(-18)*9 + (-6)/(-1). Let v = -10 + y. Give g(v).
15
Suppose u = 5*i + 7 - 32, 5*u - 31 = -i. Let s be (8/12)/(-3*i/135). Let q(f) be the second derivative of -f**3/6 + 2*f. Give q(s).
5
Let i(g) be the first derivative of -g**3/3 - 7*g**2/2 + g - 9. Let n(o) = o**3 - 10*o**2 + 12*o + 29. Let t be n(8). Give i(t).
13
Let h = -67 + 69. Let q(w) = -9*w + 13 - 4 + 11*w - 10*w**h + w**2 - w**3. Calculate q(-9).
-9
Let g(j) = j**3 + 34*j**2 - 18*j - 2. Let l(d) = 8*d**2 + 2*d + 1. Let n(a) = g(a) - 4*l(a). Calculate n(-5).
49
Let l(r) = -r**3 + 5*r**2 - 2*r + 4. Suppose -11*n = -7*n + 816. Let d = n - -209. What is l(d)?
-6
Let v(g) = 12*g + 78. Let m be v(-6). Suppose 0 = a + 4*p + 2, m*a - 3*a + 2*p + 6 = 0. Let i(t) = 2*t**2 - 2*t - 3. Determine i(a).
9
Let n(m) be the third derivative of 3/20*m**5 - 23*m**2 + 1/120*m**6 + 0*m + 3*m**3 + 3 + 11/24*m**4. Give n(-8).
-6
Let m(t) = -1421272 + 4*t**2 + t + 1421272. Suppose -3*q = -2*q - 3. Suppose -2*i - 2 = -2*k + 6, q*k - 19 = -4*i. Determine m(i).
5
Suppose 9 = -3*t, -o + 4*t - 4 + 23 = 0. Suppose 15 = o*k - 2*k. Suppose -k*l = 5*c - 0*l - 1, -4*l + 7 = c. Let g(i) = 15*i**3 - 2*i**2 + 1. Give g(c).
-16
Let p be (-185)/(-20) + (-2)/(-1 - -9). Suppose -p = 10*z - 49. Suppose -2*t + z*t + 0*t = 0. Let r(c) = -c**2 + c + 2. Give r(t).
2
Suppose 4 = -2*h - 4*i, -64*h